11 a factor of 56678?
False
Does 919 divide 13948760?
False
Does 109 divide 486685?
True
Does 10 divide 126986?
False
Is 26 a factor of 7182578?
True
Is 244 a factor of 103965?
False
Is 298836 a multiple of 12?
True
Does 3 divide 1690998?
True
Does 9 divide 2204113?
False
Is 89860 a multiple of 20?
True
Does 56 divide 221549?
False
Does 30 divide 470399?
False
Is 845 a factor of 4880940?
False
Is 273 a factor of 846440?
False
Is 11 a factor of 814?
True
Is 18 a factor of 2448936?
True
Is 113209 even?
False
Is 35756 a multiple of 19?
False
Does 172 divide 376620?
False
Does 188 divide 8119344?
True
Does 51 divide 123651?
False
Does 2 divide 430641?
False
Does 53 divide 7328469?
True
Is 9562254 a multiple of 12?
False
Is 10525536 a multiple of 322?
True
Is 379816 a multiple of 11?
False
Does 226 divide 136956?
True
Is 42 a factor of 4184057?
False
Is 7361784 a multiple of 44?
False
Is 51 a factor of 28903?
False
Does 192 divide 12480?
True
Is 927970 a multiple of 355?
True
Does 14 divide 90314?
True
Is 752293 a multiple of 126?
False
Is 37 a factor of 1104001?
False
Is 14 a factor of 1669083?
False
Is 31 a factor of 40691?
False
Is 32 a factor of 1934912?
True
Is 34094 a multiple of 2?
True
Is 16 a factor of 12193648?
True
Is 9 a factor of 1227988?
False
Is 102 a factor of 1096604?
False
Is 145871 a multiple of 149?
True
Is 1456944 a multiple of 762?
True
Is 148 a factor of 1519072?
True
Is 4367650 a multiple of 25?
True
Is 30 a factor of 3699900?
True
Does 7 divide 214997?
False
Does 38 divide 93708?
True
Is 28 a factor of 247306?
False
Does 46 divide 34244?
False
Is 250 a factor of 370000?
True
Is 4 a factor of 11391?
False
Is 86889 a multiple of 33?
True
Does 101 divide 54292?
False
Is 28590 a multiple of 30?
True
Is 11 a factor of 744832?
True
Is 59 a factor of 6144791?
True
Is 354 a factor of 12328404?
True
Is 8 a factor of 13364363?
False
Does 96 divide 10630368?
True
Is 130340 a multiple of 35?
True
Does 13 divide 446953?
True
Does 10 divide 455218?
False
Does 929 divide 1092197?
False
Does 10 divide 1057770?
True
Is 311 a factor of 761311?
False
Is 977 a factor of 2382274?
False
Is 2140 a multiple of 6?
False
Is 2238275 a multiple of 26?
False
Is 93 a factor of 397427?
False
Does 8 divide 1782984?
True
Is 32 a factor of 84864?
True
Is 845529 a multiple of 176?
False
Does 88 divide 2972640?
True
Is 7287155 a multiple of 27?
False
Is 422 a factor of 2740468?
True
Does 17 divide 12541138?
True
Does 141 divide 2039139?
False
Is 396 a factor of 13863706?
False
Is 593826 a multiple of 10?
False
Is 425076 a multiple of 12?
True
Is 5739150 a multiple of 30?
True
Is 213000 a multiple of 284?
True
Is 151628 a multiple of 1154?
False
Is 13 a factor of 89479?
True
Is 17540 a multiple of 2?
True
Is 18 a factor of 119502?
True
Is 317216 a multiple of 92?
True
Is 318 a factor of 268362?
False
Does 47 divide 869379?
False
Does 19 divide 804109?
False
Is 416 a factor of 32724?
False
Is 678888 a multiple of 12?
True
Does 5 divide 89737?
False
Does 10 divide 117937?
False
Is 40 a factor of 661440?
True
Is 461 a factor of 1444774?
True
Does 2 divide 263093?
False
Does 854 divide 2154023?
False
Does 86 divide 29588?
False
Is 1825132 a multiple of 122?
False
Does 466 divide 8755208?
True
Is 5 a factor of 91310?
True
Is 8 a factor of 526570?
False
Is 3967428 a multiple of 38?
True
Is 838 a factor of 1769856?
True
Is 694 a factor of 101445?
False
Is 17 a factor of 4127631?
False
Is 149 a factor of 2900608?
False
Is 11 a factor of 27840?
False
Is 3965704 a multiple of 25?
False
Is 200 a factor of 14400?
True
Does 15 divide 45640?
False
Does 223 divide 804862?
False
Does 44 divide 840003?
False
Is 266 a factor of 605150?
True
Does 308 divide 101948?
True
Does 13 divide 1542944?
True
Is 196 a factor of 140584?
False
Is 1983842 a multiple of 51?
False
Does 15 divide 19077?
False
Is 3241561 a multiple of 17?
False
Does 11 divide 505417?
True
Is 22 a factor of 429220?
True
Does 55 divide 112652?
False
Is 884281 a multiple of 49?
False
Is 142 a factor of 524690?
True
Is 387 a factor of 2389537?
False
Is 210240 a multiple of 48?
True
Does 174 divide 929682?
True
Does 51 divide 422861?
False
Is 21 a factor of 208013?
False
Is 4001 a multiple of 5?
False
Is 124370 a multiple of 244?
False
Is 580632 a multiple of 12?
True
Is 31 a factor of 225091?
True
Is 64935 a multiple of 162?
False
Is 568152 a multiple of 607?
True
Is 1020236 a multiple of 581?
True
Is 380 a factor of 424008?
False
Is 45402 a multiple of 478?
False
Does 110 divide 205333?
False
Does 33 divide 1651617?
True
Does 149 divide 983400?
True
Is 69 a factor of 11730?
True
Is 29 a factor of 2658836?
True
Is 13 a factor of 4158414?
True
Is 193 a factor of 386965?
True
Is 19531429 a multiple of 700?
False
Is 3492800 a multiple of 37?
True
Is 261 a factor of 168358?
False
Does 404 divide 1108172?
True
Does 80 divide 186226?
False
Is 204 a factor of 4144196?
False
Is 879 a factor of 3702641?
False
Is 1436 a factor of 3156050?
False
Is 23908 a multiple of 278?
True
Is 5 a factor of 138717?
False
Is 33 a factor of 677061?
True
Is 585500 a multiple of 7?
False
Is 41000 a multiple of 20?
True
Is 202938 a multiple of 773?
False
Is 910482 a multiple of 322?
False
Is 17 a factor of 47980?
False
Is 9 a factor of 564714?
True
Is 434129 a multiple of 52?
False
Is 5 a factor of 8208259?
False
Is 4029748 a multiple of 68?
True
Does 10 divide 63050?
True
Is 215988 a multiple of 1317?
True
Is 73 a factor of 909799?
True
Does 18 divide 418716?
True
Does 14 divide 124040?
True
Is 233 a factor of 374811?
False
Is 474066 a multiple of 29?
False
Is 73 a factor of 172011?
False
Is 193 a factor of 319801?
True
Is 3494895 a multiple of 755?
True
Does 861 divide 7358967?
True
Is 4 a factor of 20037?
False
Does 8 divide 1029648?
True
Does 40 divide 4423247?
False
Is 557 a factor of 373747?
True
Is 931851 a multiple of 241?
False
Does 38 divide 192812?
True
Does 910 divide 2256800?
True
Is 56 a factor of 166230?
False
Does 39 divide 26422331?
False
Is 10 a factor of 2144311?
False
Does 80 divide 25086?
False
Is 8827825 a multiple of 977?
False
Is 13 a factor of 5401682?
True
Does 19 divide 11887?
False
Is 6 a factor of 792972?
True
Is 2458158 a multiple of 451?
False
Does 19 divide 6581543?
True
Is 1839450 a multiple of 10?
True
Is 27 a factor of 1139886?
True
Does 19 divide 14170?
False
Is 6788470 a multiple of 790?
True
Does 287 divide 7273?
False
Is 66789 a multiple of 18?
False
Does 47 divide 13677?
True
Does 2 divide 34668?
True
Does 3 divide 165597?
True
Is 13671729 a multiple of 23?
True
Is 2 a factor of 18968?
True
Is 148504 a multiple of 76?
True
Is 4417602 a multiple of 14?
True
Is 1211883 a multiple of 83?
True
Is 13 a factor of 35278464?
True
Is 1171296 a multiple of 144?
True
Is 477 a factor of 287154?
True
Is 3767275 a multiple of 556?
False
Is 46 a factor of 371174?
True
Does 44 divide 5029772?
True
Is 79 a factor of 51113?
True
Is 3235470 a multiple of 310?
True
Is 770 a factor of 1980440?
True
Is 27 a factor of 1263171?
False
Does 22 divide 271491?
False
Is 186 a factor of 226358?
False
Is 290 a factor of 531835?
False
Does 31 divide 12725?
False
Is 37503 a multiple of 9?
True
Is 653064 a multiple of 122?
False
Does 48 divide 217872?
True
Is 52681 a multiple of 139?
True
Is 16519394 a multiple of 25?
False
Is 6506808 a multiple of 231?
True
Is 8 a factor of 454612?
False
Is 5 a factor of 85923?
False
Is 8 a factor of 644525?
False
Is 343299 a multiple of 10?
False
Does 752 divide 1902279?
False
Is 66 a factor of 1502358?
True
Does 31 divide 7372575?
True
Does 118 divide 566243?
False
Is 30 a factor of 239790?
True
Is 35 a factor of 17007441?
False
Is 44 a factor of 184932?
True
Does 192 divide 9571200?
True
Is 7 a factor of 2484444?
False
Is 47 a factor of 426087?
False
Is 356 a factor of 1287652?
True
Is 29 a factor of 1197584?
True
Is 14764256 a multiple of 34?
False
Is 94 a factor of 17884440?
True
Is 4783255 a multiple of 1461?
False
Does 36 divide 1803168?
True
Does 311 divide 1301846?
True
Does 303 divide 867186?
True
Does 234 divide 292032?
True
Is 8965302 a multiple of 68?
False
Does 28 divide 197960?
True
Does 36 divide 138533?
False
Is 103064 a multiple of 139?
False
Does 5 divide 1265185?
True
Does 5 divid